Let s(z) = z**2 + 2*z - 3. What is s(u)?
5
Let q(o) = -5*o - 4. Let g be q(6). Let r be (-4)/6 + g/(-6). Suppose r*l = -10, 0 = -2*y - 0*y + 4*l + 18. Let f(b) = b**3 - 6*b**2 + 3*b + 2. Calculate f(y).
-8
Suppose 6*l = 3*l + 6. Let t(a) = 3*a**2 + a - 2. Give t(l).
12
Let v(d) = -66*d. Let q be v(2). Let p = q + 72. Let x be (-2)/(-8) + p/(-16). Let i(t) = -t**2 + 7*t - 6. Give i(x).
6
Let q(h) = -h**2 + 5*h + 7. Suppose p - 5*p = -12. Let a be 2/((-6)/p)*-5. Determine q(a).
7
Suppose -2*g - 8 = d, -d + 5*g = -2*d - 23. Let a(l) = d*l - 4*l + 5*l + 1. Determine a(2).
7
Let y(m) = -m**3 - 6*m**2 + 2*m + 6. Let u = -144 - -138. Calculate y(u).
-6
Suppose -13*p + 15*p + 12 = 0. Let g(w) = -w**2 - 4*w + 5. Calculate g(p).
-7
Suppose 3*r - 16 = -5*r. Let f(o) be the second derivative of -2*o + 0 + 1/2*o**2 + 1/6*o**3 - 1/3*o**4. Calculate f(r).
-13
Let j(d) be the third derivative of d**5/6 + d**4/24 - d**3/6 + d**2. Let z = 257 - 256. Determine j(z).
10
Let f(k) be the third derivative of -k**4/24 - 7*k**3/6 - 34*k**2. Determine f(-8).
1
Let j(l) = 6*l**2 + 2*l**2 - 5*l**2 - 3 - 2*l - l**3 + 2*l**2. What is j(4)?
5
Let r(s) be the first derivative of -s**4/3 - s**3/6 - 3*s**2/2 - 3. Let d(o) be the second derivative of r(o). Calculate d(1).
-9
Let h(b) = 0*b - b**2 + 5 - b + 2*b**2. Let t be h(0). Let q(z) = z**2 - 3*z - 6. Let v be q(t). Let r(p) = p**3 - 4*p**2 + 2*p - 1. Calculate r(v).
7
Let a(b) = b + 4. Let p be (-8)/(-2)*2/4. Let w be ((-4)/(-12))/(p/18). Suppose w = -3*f - y - y, 3*f = 2*y - 15. Give a(f).
1
Let y(t) = -t**3 - 6*t**2 - 5*t + 6. Let a be y(-5). Let n(g) = g + 2. Give n(a).
8
Let c(l) = l**3 - 5*l**2 - 8*l + 4. Suppose u - 11 = -5. What is c(u)?
-8
Let y(m) = -11*m + 9. Let i(x) = -6*x + 5. Let u(s) = 7*i(s) - 4*y(s). Determine u(-4).
-9
Let j(q) = q - 7. Let w be j(6). Let y(l) = 2*l**2 - l - 1. Let i be y(w). Let o(a) = a**2 - 2*a. Give o(i).
0
Let p(w) = w**2 - 5*w - 8. Let q(z) = 10*z - 64. Let k be q(7). Calculate p(k).
-2
Let b(m) = -m**2 - 4*m + 4. Let t(c) = -c - 11. Let k be t(-5). What is b(k)?
-8
Let o(s) = 7*s**2 - 2*s + 1. Let q be 5/2*36/30. Let t be 4/q*9/2. Suppose -t*i + 3 = -3*i. What is o(i)?
6
Let g(d) = -5*d - 1. Let a = 48 - 46. Determine g(a).
-11
Let u = -55 - -58. Let j(y) be the first derivative of 3*y**2/2 + 4*y - 1. What is j(u)?
13
Let z be (-6)/10 - (-66)/60. Let b(t) be the first derivative of -7*t + 3 - z*t**2. What is b(-5)?
-2
Let q(v) be the first derivative of 2*v**3/3 - v**2 + 3*v + 12. Calculate q(2).
7
Suppose 6 = -2*j + 14. Let p(u) = u - 6. Let y be p(j). Let k(l) = -l + 1 + l - l**3 - 2*l**2. Give k(y).
1
Let i(o) = 5*o**2 + o - 2. Suppose -3*m = 4*u - 10, 12 = -3*m - m + u. Calculate i(m).
16
Let q(h) = h**3 + 2*h**2 + 6*h + 9. Let a(p) = -p**2 - p - 1. Let c be a(-1). Let n(b) = -b - 1. Let i(k) = c*q(k) - 6*n(k). Determine i(-3).
6
Let y(k) be the first derivative of k**4/4 + 5*k**3/3 + 3*k**2 + 6*k + 18. What is y(-5)?
-24
Let k(q) be the second derivative of -q**3/6 + q**2/2 - 6*q. Calculate k(7).
-6
Suppose -d + 5*d - 24 = 0. Suppose s = d*s - 60. Let x(z) = -z - 1. Let k(u) = -9*u - 15. Let b(o) = s*x(o) - k(o). What is b(2)?
-3
Let s be (-2)/6 + (-15)/(-45). Let h(i) be the third derivative of 0 + 0*i + 2*i**2 + 1/24*i**4 - 1/3*i**3. What is h(s)?
-2
Let n(y) = y - 1. Let i(w) = 16*w - 14. Let q(h) = -8*h + 7. Let l(b) = -4*i(b) - 7*q(b). Let c(a) = l(a) + 6*n(a). What is c(3)?
-5
Suppose 45 = -5*s - 0*s - 5*t, s = 4*t + 16. Let x(j) = j**2 + 2*j - 4. Give x(s).
4
Let y(w) = -w**2 + 3*w - 3. Suppose 8*u - 51 = -9*u. What is y(u)?
-3
Let u(l) be the second derivative of l**3/2 + 2*l. Let t be u(1). Suppose -d - t + 8 = 0. Let x(v) = v**2 - 4*v - 3. Determine x(d).
2
Let h(j) = -j - 4. Let n(s) = -s - 6. Let l be n(-3). What is h(l)?
-1
Let b(w) = -w**2 - w - 1. Let t(l) = -l**3 + 5*l**2 + 5*l + 4. Let c(r) = -4*b(r) - t(r). Let a be c(2). Let m = 6 - a. Let k(q) = q**2 - 5. Determine k(m).
11
Let l = -77 - -78. Let o(k) = 3*k**3 + k**2 - 2*k + 1. Determine o(l).
3
Let t(n) = 8 - n**2 + 4 - 14 + 7*n. Calculate t(4).
10
Let s = 1 - 1. Suppose 2*m - 4 + s = 0. Let t(v) be the third derivative of -v**6/60 + v**5/15 - v**4/8 + v**3/3 - 2*v**2. What is t(m)?
-4
Let o = -10 + 14. Let p(g) = 2*g + o*g - 3 - 7*g. Determine p(4).
-7
Let i be ((-8)/(-5))/(2/5). Suppose g = i*g - 9. Let x(z) = z. Let l(k) = 2*k + 4. Let q(o) = -l(o) + 5*x(o). What is q(g)?
5
Let c be (-7)/(-4) - 3/(-12). Suppose -2*m + 3*z = -8 - 3, -c*z - 7 = -m. Let o be 4 - (3 + m - 2). Let b(a) = a**2 + 2*a - 3. Determine b(o).
5
Let j(n) = 2*n**3 - 19*n**2 + 13*n + 2. Let c(i) = -i**3 + 10*i**2 - 7*i - 1. Let o(t) = 11*c(t) + 6*j(t). Determine o(4).
5
Let y = -9 + 15. Let d(a) = -a**3 + 6*a**2 + a - 1. Calculate d(y).
5
Let c(g) be the first derivative of -g**3/2 - 5*g**2/2 - g - 1. Let t(w) be the first derivative of c(w). Suppose -x + 0 - 4 = 0. What is t(x)?
7
Suppose 0 = 3*r - 2*r - 2. Suppose 4*m - 27 = -2*p + p, -15 = -5*p. Let l be r/m + (-4)/(-6). Let d(q) = 2*q**2 - q. Calculate d(l).
1
Let g(v) = -4*v + 2*v**2 + 5*v + 1 + 2*v + v**3. Let h be g(-2). Let l(n) = -17*n. Let p(j) = 31*j. Let f(x) = 11*l(x) + 6*p(x). What is f(h)?
5
Let c(o) be the second derivative of 9*o**5/20 - o**3/6 + o**2/2 + 8*o. Let y = 3 + -2. What is c(y)?
9
Let q(b) be the third derivative of 5/6*b**3 + 0*b + 3*b**2 + 1/8*b**4 + 0. What is q(-5)?
-10
Let z(x) = x + 2. Let s(l) = l + 2. Let d(w) = -w**2 + 7*w - 8. Let r be d(7). Let y be -1 - 0 - r/(-2). Let g(b) = y*z(b) + 6*s(b). What is g(5)?
7
Let h(l) = -7*l + 50. Let x be h(7). Let f(o) = -9*o**3. Give f(x).
-9
Let d(m) = -m - 2. Let j be 22/5 - (-4)/(-10). Let p be 1/(-4) - (-149)/j. Suppose 3*i = 5*x + 34, 5*x - i - 9 = -p. Determine d(x).
3
Let u(m) = 6*m**2 + 3 + 8*m**2 - 13*m**2 - 4*m + 2*m. Calculate u(2).
3
Let n(v) = 2*v - v + 5 - 8. Calculate n(4).
1
Let p(t) be the third derivative of t**4/24 - t**3/2 - 6*t**2 - 4. What is p(7)?
4
Let s = 0 + -6. Let d(f) = f**2 + 6*f + 5. Let l be d(s). Let q(r) = -r + 1. Give q(l).
-4
Let u(a) = 5*a. Let z(g) = g + 4. Suppose 3*n + 15 = 0, -4*m - 9 = n - 4. Let j be z(m). Suppose -3*y - 5*v - 27 = -y, j*y + 14 = -2*v. Determine u(y).
-5
Let p(o) = 2 - 6 - o**3 + 2 + 0 - 6*o**2. Let f = 4 + -2. Suppose -6 = -f*s + 3*s. Determine p(s).
-2
Let t(v) be the second derivative of v**3/6 - 5*v**2/2 - 3*v. Suppose -15 = -3*n, -5*l + 3*l - 10 = -2*n. Give t(l).
-5
Let y(w) = 383*w**2 - 373*w**2 + 6*w + 9 - w**3 - 15*w. What is y(9)?
9
Let i = 4 + 1. Suppose -6 = -i*r + 2*r. Let k(s) = 3 - s + 0*s**2 + r*s**2 + 2*s**2 - s**3. Calculate k(4).
-1
Let l(n) = n**3 + 4*n**2 + 4*n - 1. Suppose 5 = 3*g + 14. Calculate l(g).
-4
Suppose -2*q - 3*j - 21 = 0, 0 = 4*q + 2*j + 81 - 27. Let w be 1/4 - q/4. Suppose 2*u - w = -12. Let t(f) = f + 5. Calculate t(u).
1
Let o(a) = a - 8. Let d(s) = -s**2 - 9*s - 6. Let k be d(-6). Let n be 42/k*24/14. Determine o(n).
-2
Suppose -37*m = -35*m + 14. Let u(g) = g**3 + 6*g**2 - 5*g + 8. Give u(m).
-6
Let w(f) = -f**2 + 5*f - 4. Let p(v) = v**2 + 4*v - 15. Let h be p(-7). Give w(h).
-10
Let b(w) = 7*w**2 - 5*w - 11. Let v(z) = -6*z**2 + 6*z + 10. Let f(l) = -5*b(l) - 6*v(l). Calculate f(10).
-15
Let j(y) = 4*y**2 + y - 3*y**2 + 0*y**2 + y. Let k be j(1). Let h(u) = u**2 - 4*u. What is h(k)?
-3
Let c(j) = -j**3 + 4*j**2 + j - 1. Let b = 4 + 0. What is c(b)?
3
Suppose -3*i + 6 = g, 5*g - 4*i + 31 = -15. Let t(b) = b + 2. Determine t(g).
-4
Let t(j) = 4*j**2 + 2*j - 2. Let w be t(-2). Let o(r) = -20*r**2 + 3*r + 11*r**2 + w*r**2 + 1. What is o(-4)?
5
Let s(h) = h + 4. Let w = 3 - 0. Suppose -o = 3*n, -w*o = -n + 6*n - 4. Let p be (1/(-2))/(n/(-6)). Calculate s(p).
1
Suppose 2 = 5*m - 18. Let s(g) = -1 - m*g - 2*g + 0. Calculate s(-1).
5
Let m(z) = -z**3 - 4*z**2 - z. Let k be ((-2)/4)/((-2)/12). Suppose 5*u - 16 = -2*a + 4*u, 2 = k*a - 4*u. Let h be (3/a)/((-1)/8). Give m(h).
4
Let o = 5 + 1. Let t(k) = -k**3 - 5 + 7*k + 6*k**2 + 2*k**2 - 3*k**2. Determine t(o).
1
Let d be (32/(-40))/((-2)/5). Let o(u) be the second derivative of -u + 0 + u**d - 1/2*u**3. What is o(2)?
-4
Let u = 6 + -7. Let f(z) = 7*z. Give f(u).
-7
Let n(j) = j**2 + 2*j - 1. Let r(k) = -k**3 - k**2 - k. Let q(b) = b. Let p = -4 - -2. Let z be q(p).